{"id":868,"date":"2020-03-31T15:31:45","date_gmt":"2020-03-31T15:31:45","guid":{"rendered":"https:\/\/www.persimmontravels.com\/product\/day-trip-seville-arecena\/"},"modified":"2020-07-13T15:41:04","modified_gmt":"2020-07-13T15:41:04","slug":"day-trip-seville-arecena","status":"publish","type":"product","link":"https:\/\/www.persimmontravels.com\/es\/producto\/day-trip-seville-arecena\/","title":{"rendered":"Excursi\u00f3n Sevilla &#8211; Aracena (Tour Privado)"},"content":{"rendered":"<h3 style=\"text-align: center;\"><img decoding=\"async\" loading=\"lazy\" class=\"size-full wp-image-401 aligncenter\" src=\"https:\/\/www.persimmontravels.com\/wp-content\/uploads\/2020\/03\/aracena3.png\" alt=\"\" width=\"205\" height=\"136\" \/>Includes:<\/h3>\n<p>&nbsp;<\/p>\n<ul>\n<li>Pick-up and drop-off to the hotel by \u00abhigh-end private car\u00bb.<\/li>\n<li>Professional guide-driver in Spanish, English and French<\/li>\n<li>Tickets to the Wonder Grotto (\u00abGruta de las Maravillas\u00bb)<\/li>\n<li>Visit to the Ibericos Ham Dryer Farm<\/li>\n<\/ul>\n<p><img decoding=\"async\" loading=\"lazy\" class=\"size-full wp-image-400 aligncenter\" src=\"https:\/\/www.persimmontravels.com\/wp-content\/uploads\/2020\/03\/aracena2.png\" alt=\"\" width=\"182\" height=\"137\" \/><\/p>\n<h3 style=\"text-align: center;\">Extras:<\/h3>\n<p>&nbsp;<\/p>\n<ul>\n<li>Pick-up and drop-off to the hotel by high-end private car.<\/li>\n<li>Professional guide-driver in Spanish, English and French.<\/li>\n<li>Tickets to the Wonder Grotto(\u00abGruta de las Maravillas\u00bb)<\/li>\n<li>Visit to the Ibericos Ham Dryer Farm.<\/li>\n<\/ul>\n<p>&nbsp;<\/p>\n<h3 style=\"text-align: center;\">Prices:<\/h3>\n<table class=\" aligncenter\" style=\"height: 229px;\" width=\"145\">\n<tbody>\n<tr>\n<td>\u00a01 pax<\/td>\n<td>290\u20ac<\/td>\n<\/tr>\n<tr>\n<td>2 pax<\/td>\n<td>180\u20ac<\/td>\n<\/tr>\n<tr>\n<td>3 pax<\/td>\n<td>125 \u20ac<\/td>\n<\/tr>\n<tr>\n<td>4 pax<\/td>\n<td>125 \u20ac<\/td>\n<\/tr>\n<tr>\n<td>5 pax<\/td>\n<td>125 \u20ac<\/td>\n<\/tr>\n<tr>\n<td>6 pax<\/td>\n<td>125 \u20ac<\/td>\n<\/tr>\n<tr>\n<td>7 pax<\/td>\n<td>125 \u20ac<\/td>\n<\/tr>\n<\/tbody>\n<\/table>\n<table class=\" aligncenter\" style=\"height: 81px;\" width=\"196\">\n<tbody>\n<tr>\n<td>Childs\u00a0 (below 14)<\/td>\n<td>60 \u20ac<\/td>\n<\/tr>\n<tr>\n<td>Babies<\/td>\n<td>0<\/td>\n<\/tr>\n<\/tbody>\n<\/table>\n<p><img decoding=\"async\" loading=\"lazy\" class=\"size-full wp-image-319 aligncenter\" src=\"https:\/\/www.persimmontravels.com\/wp-content\/uploads\/2020\/03\/logo-persimmontravels-1.png\" alt=\"\" width=\"100\" height=\"115\" \/><\/p>\n<p>&nbsp;<\/p>\n","protected":false},"excerpt":{"rendered":"<p>Excursi\u00f3n de un d\u00eda al la villa de Aracena con visita a una granja de cerdos ib\u00e9ricos con degustaci\u00f3n de jam\u00f3n ib\u00e9rico y posteriormente vista a la Gruta de las Maravillas<\/p>\n<p>&nbsp;<\/p>\n<h3>CALENDARIO DE FECHAS ABIERTAS (SI NO HAY NINGUNA SOLICITE INFORMACI\u00d3N)<\/h3>\n[booked-calendar calendar=114]\n","protected":false},"featured_media":794,"comment_status":"open","ping_status":"closed","template":"","meta":{"content-type":""},"product_cat":[124],"product_tag":[],"_links":{"self":[{"href":"https:\/\/www.persimmontravels.com\/es\/wp-json\/wp\/v2\/product\/868"}],"collection":[{"href":"https:\/\/www.persimmontravels.com\/es\/wp-json\/wp\/v2\/product"}],"about":[{"href":"https:\/\/www.persimmontravels.com\/es\/wp-json\/wp\/v2\/types\/product"}],"replies":[{"embeddable":true,"href":"https:\/\/www.persimmontravels.com\/es\/wp-json\/wp\/v2\/comments?post=868"}],"wp:featuredmedia":[{"embeddable":true,"href":"https:\/\/www.persimmontravels.com\/es\/wp-json\/wp\/v2\/media\/794"}],"wp:attachment":[{"href":"https:\/\/www.persimmontravels.com\/es\/wp-json\/wp\/v2\/media?parent=868"}],"wp:term":[{"taxonomy":"product_cat","embeddable":true,"href":"https:\/\/www.persimmontravels.com\/es\/wp-json\/wp\/v2\/product_cat?post=868"},{"taxonomy":"product_tag","embeddable":true,"href":"https:\/\/www.persimmontravels.com\/es\/wp-json\/wp\/v2\/product_tag?post=868"}],"curies":[{"name":"wp","href":"https:\/\/api.w.org\/{rel}","templated":true}]}}

Excursión Sevilla &#8211; Aracena (Tour Privado)

<p>Excursión de un día al la villa de Aracena con visita a una granja de cerdos ibéricos con degustación de jamón ibérico y posteriormente vista a la Gruta de las Maravillas</p>
<p>&nbsp;</p>
<h3>CALENDARIO DE FECHAS ABIERTAS (SI NO HAY NINGUNA SOLICITE INFORMACIÓN)</h3>
[booked-calendar calendar=114]
